(r) = r**3 - 19 - 2*r**2 + 9*r**2 + 5*r + 5 + 11. Let h(d) = -3*d + 6. Let v be h(4). Determine z(v).
3
Let q = 7 + -6. Let n(v) be the third derivative of 5/24*v**4 + 0*v**3 + 0 + 0*v + v**2. What is n(q)?
5
Let a(c) = -3*c + 3. Let m(t) = 4*t + 2. Let k(f) = 5*f + 1. Let s(w) = -2*k(w) + 3*m(w). Let b be s(0). Give a(b).
-9
Suppose 2*g + 5*f = g + 8, -5*f + 32 = -g. Let s be (-4)/g*(-13 + -2). Let b(u) = -u - 1. What is b(s)?
4
Let w(o) = o + 5. Let t = 2 - 9. Let r be w(t). Let c(s) = -s**2 + s + 1. What is c(r)?
-5
Let c(t) = t + 2. Let u(m) = 4*m + 12. Let q(b) = 10*c(b) - 2*u(b). Let d be (4/(-5))/(2/(-10)). Calculate q(d).
4
Let q(c) = -6 - 3*c - 4*c + 5*c**2 - 4*c**2 + 3*c. Calculate q(6).
6
Suppose 2*q - 5*s = 28, -4*q + 5*s - 2*s = -28. Let t(x) = -54 + 5*x**2 + x**3 + 54 + q*x. Determine t(-4).
0
Let w(u) = u**3 + 14*u**2 + 13*u + 5. Let o = 124 - 137. What is w(o)?
5
Let f be ((-12)/15)/(2/(-5)). Suppose 0 = 3*h - 4*h, -2*s + 3*h = 0. Let z(q) = 1 + s + 4*q**2 + 2 - 4*q. What is z(f)?
11
Let a = 26 + -21. Let i(x) = -7*x**3 + x**2 - x + 3. Let s(k) = 4*k**3 - k**2 - 2. Let l = -4 + 7. Let u(o) = a*s(o) + l*i(o). What is u(-2)?
5
Let q be 6/(-27) + (-370)/(-45). Let c(r) = -4 - 19*r - r**2 + q*r + 4*r. What is c(-6)?
2
Let w(n) be the first derivative of -n**5/60 + n**4/6 - 2*n**3/3 + 2*n**2 - 4. Let j(u) be the second derivative of w(u). Calculate j(4).
-4
Let a(z) = 2*z**3 + 2*z**2 + 1. Let t(v) = 2*v - 20. Let s(k) = -k + 10. Let c(j) = 5*s(j) + 3*t(j). Let w = 19 - 11. Let b be c(w). Determine a(b).
-7
Suppose 3*g + 0*g = 0. Suppose 4*t + 2*h - 22 = 0, 0 = t - 2*h + 7 - g. Let d(k) = k**2 - 4*k**2 + 2*k**2 + 0*k - k**t + 2*k. What is d(-2)?
0
Let l = 25 + -23. Let k(x) = -x + 1 - l*x - x + 0. Determine k(1).
-3
Let j be (-3)/(-4 + 1)*2. Let i(a) = 1 + j*a**2 - 1 - 5 + 2 - a**3 + 2*a. Let s = -1 + 3. Calculate i(s).
1
Let u(z) = -z**3 - 7*z**2 - 7*z - 5. Let g be u(-6). Let b be -4*-2*g/(-4). Let k(r) = 1 - 2*r**2 + 2*r + 3*r**2 + 1. Calculate k(b).
2
Let j(w) be the third derivative of -w**5/60 + w**4/24 - w**3/2 - 2*w**2. Let u(l) be the first derivative of j(l). Calculate u(3).
-5
Let s = 2 - -1. Suppose 4 = s*u + 1. Let q be ((3 - -1) + u)/1. Let m(a) = -a**2 + 4*a + 7. What is m(q)?
2
Let j(k) be the third derivative of 0 + 0*k + 1/24*k**4 - 1/60*k**5 + 1/6*k**3 - 4*k**2 - 1/12*k**6. Give j(-1).
9
Suppose -5*q - 10 = 3*h, -2*h - 4 = h + 2*q. Let f(t) = -2*t + 1 + h + 0*t. Let d = 6 + -8. Calculate f(d).
5
Let u(t) = 2*t + 6. Suppose 3*z + 4*a = 136, -136 = -3*z - 2*a - 8. Suppose -4*w = -4*b - z, -6*w + 2*w + 28 = -2*b. What is u(b)?
-6
Let r(u) = -u**3 - 6*u**2 + u + 1. Let y = 9 - 15. Give r(y).
-5
Let o(z) = 3*z**2 + 3*z. Let k be 0 + (4 - 3) + 4. Let v = 3 - k. Give o(v).
6
Let p(c) = -c + c**3 + 2 + 0*c**3 - 2*c**2 - c. Let n = 95 - 92. Give p(n).
5
Let u be ((-8)/10)/(4/(-110)). Suppose -3*d = u - 7. Let k(n) be the third derivative of -n**5/60 - n**4/4 + 2*n**3/3 - n**2. What is k(d)?
9
Suppose 5*c + 1 - 96 = 0. Suppose -2*p + 3*t = 4*t - c, p - 6 = -4*t. Let x be p/(-2)*2/(-5). Let r(w) = w**2 - w + 1. What is r(x)?
3
Suppose 3*k + 31 = 19. Let u(n) = n + 2. Calculate u(k).
-2
Let t(r) be the third derivative of -r**5/60 - 5*r**4/24 + 5*r**3/6 + 2*r**2. Let u be t(-5). Let j(b) = b. Give j(u).
5
Suppose -6*m = -m - 3*k - 13, m + 4*k - 21 = 0. Suppose -3*j = m*s - 3, -5*j - s + 2 + 3 = 0. Let h(n) = -4*n**3 - n + 1. What is h(j)?
-4
Let b(v) = -v**3 - 2*v + 1. Let x be (-9)/((-3)/12*-3). Let u = x - -20. Suppose -6*p = -k - 3*p - u, 0 = -3*k - 4*p + 15. Give b(k).
-2
Let c = -18 + 23. Let v(s) = -5*s - 4. Let o(z) = -9*z - 7. Let y(u) = 6*o(u) - 11*v(u). Calculate y(c).
7
Let h(g) = -3*g + 15*g - 9*g - 1 + g**2. Calculate h(-5).
9
Let c(j) = -j + 8. Suppose 7 = 2*w - 3. Suppose -w*q - 3*k + 39 = 0, 0 = 2*q + 3*k - 23 + 2. What is c(q)?
2
Let v(z) = -3*z**3 + 0*z**3 + 2*z - z**3 + 5*z**3 - z**2 - 1. Give v(-2).
-17
Let i(q) = -5*q + 17. Let v(g) = 2*g - 8. Let o(f) = -3*i(f) - 7*v(f). Determine o(-4).
1
Suppose -3*b + 2*b + s - 6 = 0, 2 = b + 3*s. Let a(x) = x**3 + 5*x**2 + 5*x - 3. Give a(b).
-7
Let q = 0 + -1. Let f = -5 + 8. Let m(g) = -g**2 - g**f + 0*g**3 + 2*g**3. Give m(q).
-2
Let u(f) be the second derivative of -f**3/6 + 3*f**2/2 + 13*f + 2. What is u(3)?
0
Let j(t) be the second derivative of -t**5/60 + t**4/6 + t**3/2 - 3*t. Let u(r) be the second derivative of j(r). Suppose 8 + 7 = 3*c. Give u(c).
-6
Suppose 3*m - 37 = 23. Suppose g = -3*g + m. Let d(z) = 5*z - 11. Let w(k) = -3*k + 6. Let x(v) = 4*d(v) + 7*w(v). Give x(g).
-7
Let x(r) = 2*r**2 - r. Let y(a) = -a. Let n = -8 - -6. Let d be y(n). Suppose -d*q = q - 6. Calculate x(q).
6
Let v = -11 + 14. Let m(o) = -2*o + 5*o**2 + 2*o + 0*o**3 + o**v - 1 + o. Calculate m(-5).
-6
Let k be (-1 - -2)*(-3)/((-6)/14). Let u(t) = t**3 - 8*t**2 + 9*t - 9. Give u(k).
5
Let g(c) = -c. Let y(q) = 3*q - 4. Let b(r) = 2*g(r) + y(r). Let z(p) = 4*p**3 - p**2. Let a be z(1). Suppose -4*m + 2*w = -3*w - 49, -15 = a*w. What is b(m)?
2
Suppose b - 5*t = 16, -b + 2*t + 0 + 1 = 0. Let h = b + 14. Let v(r) = 7 - 2*r + 0*r + r. Calculate v(h).
2
Let q(t) = 2*t - 6 - 19 - 4*t**2 + 2*t**2. Let x = -21 - -19. Let v(w) = -w**2 + w - 12. Let r(a) = x*q(a) + 5*v(a). What is r(0)?
-10
Let g(m) = 5*m**2 + 4. Let u(j) = -4*j**2 + j - 3. Let y(i) = 5*g(i) + 6*u(i). Let a be -15*((-4)/(-3) + -1). Calculate y(a).
-3
Let x(q) = 0 - q + 8 + 1. Suppose 12*r - 32 = 4*r. Give x(r).
5
Let h(f) = -1 - 1 - f**2 + 5*f + 1. Let k be 20/8 + 5/10. Give h(k).
5
Let s = -8 - -11. Let o(j) = 0*j**3 + j**s + 0*j**3 - 2*j**2 + 4*j - 3*j**2. Calculate o(3).
-6
Let b = -20 + 30. Let c be 2/(-3) - b/(-6). Let r(z) = c - 9*z**2 - z**2 + 2*z + z**2 - 2. What is r(1)?
-8
Let f(d) = 4 + 3*d - 2*d - 6. Give f(2).
0
Let o be 5/10*4/(-2). Let p be 3*o*(-6)/(-9). Let k(x) = -x**2 - 3*x + 2. What is k(p)?
4
Let a(o) = -o + 5. Let x = -23 - -23. Give a(x).
5
Suppose 8 = g + g. Suppose -5 - 11 = -g*f. Let n(m) = -m**3 + 3*m**2 + 5*m + 2. Give n(f).
6
Let p(c) = -c + 11. Let w be p(6). Suppose 0*n + w*n - 20 = 0. Let y(o) = -o - n + o + 3*o + o**2. Determine y(-4).
0
Let h(y) = 1 + y + y**3 - 3*y**2 + 2*y**2 + 3*y**2. Suppose p = -0*p + 5*o + 18, 5*o = 2*p - 16. Give h(p).
-1
Let b(d) = -10*d + 54. Let r be b(6). Let s(j) = j**2 + 5*j + 4. Calculate s(r).
10
Let m(j) be the third derivative of -j**5/60 + j**4/3 + j**3/2 + 22*j**2. Calculate m(9).
-6
Let f(q) be the third derivative of -q**5/30 - q**4/12 - q**3/3 - 5*q**2. What is f(-2)?
-6
Let j(a) = a**3 - 3*a**2 - a. Let s be j(3). Let p be (-2)/(-6) + 16/s. Let v(w) = -3*w - 1. Let g(n) = -n - 1. Let z(h) = 2*g(h) - v(h). Determine z(p).
-6
Let o(s) = -s**2 - 2*s. Let z be o(-3). Let a(j) = 5. Let q(m) = m + 15. Let t(d) = z*q(d) + 8*a(d). Calculate t(-4).
7
Suppose 0 = 2*d - 4*d + 2*f - 4, -26 = -2*d - 4*f. Suppose d*x - x = 0. Let a(i) = i**2 - i. Give a(x).
0
Let h(s) = 6*s**2 + s + 5. Let o be (0 + -1)*(-2 - 9). Let n(v) = 17*v**2 + 3*v + 14. Let i(l) = o*h(l) - 4*n(l). What is i(-1)?
-2
Let l = 4 + -3. Suppose -5 = -2*u + l. Let b(t) = -3*t - t**2 + 0*t**2 - t**2 + 3 + 2*t**u. Determine b(2).
5
Let x = 0 - 1. Let g = x + 1. Let v(m) = -95 - 3*m + 2*m + 97. Calculate v(g).
2
Let z be 6/(-9) + (-44)/(-3). Suppose -30 = -4*v + z. Let s = v - 15. Let t(k) = -k**2 - 5*k - 1. What is t(s)?
3
Let m(o) = 11*o**2 + 4*o + 4. Let r(l) = 11*l**2 + 5*l + 5. Let j(k) = -4*m(k) + 3*r(k). What is j(-1)?
-11
Let y(d) = -2*d**2 + 3*d. Let s(j) = 5*j**3 - j**2 + 2*j - 1. Let f be s(1). Let n(w) = 2*w - 4*w**2 + 3 - 2 + 5*w. Let c(v) = f*y(v) - 2*n(v). Give c(2).
-8
Let z(c) = 2 + 14*c**2 + 6*c**2 - 19*c**2 - 5*c. Determine z(3).
-4
Let j(d) = -d - 3. Let r be j(-6). Let i(s) = s**2 - 5*s + 2. What is i(r)?
-4
Let x(v) be the second derivative of 0 - 5/2*v**2 - 1/2*v**4 + 6*v - 1/20*v**5 - 7/6*v**3. Let a = 4 - 9. Calculate x(a).
5
Let p(g) = -g + 3. Let q be p(5). Let c(x) = -x**3 - 2*x**2 + 2*x + 1. Calculate c(q).
-3
Let o(z) = -3*z**2 - 2*z - 1. Let f be o(-1). Let p(u) = -3*u - 1. Let k(q) = 8*q + 2. Let m(x) = -2*k(x) - 7*p(x). Give m(f).
-7
Let r(i) = -i - 7. Let o be 1/2 - 21/(-6). Suppose -5*n - 17 = -4*z, 5*z + o = -6. Give r(n).
-2
Suppose 5*d + 0 = 10. Let g(r) = -3*r